 when 760296 is divided by 139?
105
What is the remainder when 161 is divided by 86?
75
What is the remainder when 701816 is divided by 18?
14
What is the remainder when 17864 is divided by 146?
52
Calculate the remainder when 397843 is divided by 131.
127
What is the remainder when 8728 is divided by 8703?
25
Calculate the remainder when 63861 is divided by 134.
77
What is the remainder when 973 is divided by 757?
216
Calculate the remainder when 11359 is divided by 640.
479
Calculate the remainder when 66413 is divided by 24.
5
What is the remainder when 173365 is divided by 974?
967
Calculate the remainder when 1645838 is divided by 1563.
1562
What is the remainder when 4761 is divided by 227?
221
Calculate the remainder when 113522 is divided by 237.
236
Calculate the remainder when 42742 is divided by 415.
412
What is the remainder when 577040 is divided by 29?
27
What is the remainder when 9667 is divided by 380?
167
What is the remainder when 3938 is divided by 197?
195
What is the remainder when 163542 is divided by 231?
225
What is the remainder when 6165 is divided by 3068?
29
Calculate the remainder when 16924 is divided by 39.
37
Calculate the remainder when 4698 is divided by 921.
93
What is the remainder when 3241 is divided by 1257?
727
What is the remainder when 9370 is divided by 74?
46
Calculate the remainder when 1032 is divided by 332.
36
Calculate the remainder when 11604 is divided by 2306.
74
What is the remainder when 2107 is divided by 283?
126
What is the remainder when 231711 is divided by 378?
375
Calculate the remainder when 442962 is divided by 73.
71
Calculate the remainder when 7738 is divided by 839.
187
Calculate the remainder when 1464 is divided by 887.
577
Calculate the remainder when 2751 is divided by 115.
106
What is the remainder when 9504 is divided by 110?
44
What is the remainder when 82680 is divided by 10327?
64
What is the remainder when 238944 is divided by 177?
171
Calculate the remainder when 6348 is divided by 705.
3
What is the remainder when 30901 is divided by 224?
213
Calculate the remainder when 5610 is divided by 75.
60
Calculate the remainder when 15382 is divided by 1095.
52
Calculate the remainder when 5767 is divided by 679.
335
Calculate the remainder when 24671 is divided by 983.
96
What is the remainder when 31145 is divided by 158?
19
What is the remainder when 40755 is divided by 258?
249
What is the remainder when 80101 is divided by 39?
34
Calculate the remainder when 27943 is divided by 55.
3
Calculate the remainder when 2037 is divided by 675.
12
Calculate the remainder when 3885 is divided by 67.
66
Calculate the remainder when 14755 is divided by 461.
3
What is the remainder when 37865 is divided by 348?
281
What is the remainder when 1915 is divided by 268?
39
Calculate the remainder when 6818 is divided by 405.
338
Calculate the remainder when 1552 is divided by 36.
4
Calculate the remainder when 6316 is divided by 1255.
41
Calculate the remainder when 4655 is divided by 211.
13
Calculate the remainder when 173670 is divided by 81.
6
What is the remainder when 2202464 is divided by 1227?
1226
Calculate the remainder when 90988 is divided by 18137.
303
What is the remainder when 2185 is divided by 117?
79
Calculate the remainder when 346310 is divided by 69.
68
Calculate the remainder when 5210 is divided by 599.
418
Calculate the remainder when 127725 is divided by 31927.
17
Calculate the remainder when 24464 is divided by 6112.
16
Calculate the remainder when 126271 is divided by 3006.
19
What is the remainder when 514 is divided by 118?
42
What is the remainder when 775402 is divided by 31?
30
What is the remainder when 56989 is divided by 167?
42
Calculate the remainder when 8052 is divided by 693.
429
Calculate the remainder when 221690 is divided by 110827.
36
Calculate the remainder when 10401 is divided by 3463.
12
What is the remainder when 18984 is divided by 134?
90
What is the remainder when 39731 is divided by 164?
43
Calculate the remainder when 8216 is divided by 98.
82
Calculate the remainder when 17545 is divided by 2506.
3
What is the remainder when 25848 is divided by 19?
8
Calculate the remainder when 221 is divided by 115.
106
What is the remainder when 2334 is divided by 133?
73
Calculate the remainder when 2010 is divided by 1995.
15
Calculate the remainder when 5421 is divided by 217.
213
Calculate the remainder when 110809 is divided by 486.
1
What is the remainder when 9992 is divided by 157?
101
Calculate the remainder when 3899 is divided by 1293.
20
Calculate the remainder when 6217 is divided by 313.
270
Calculate the remainder when 388967 is divided by 114.
113
Calculate the remainder when 60071 is divided by 105.
11
Calculate the remainder when 163613 is divided by 32.
29
Calculate the remainder when 123673 is divided by 16.
9
Calculate the remainder when 30379 is divided by 245.
244
What is the remainder when 5275 is divided by 43?
29
Calculate the remainder when 6260 is divided by 61.
38
What is the remainder when 6702 is divided by 98?
38
Calculate the remainder when 14178 is divided by 1288.
10
Calculate the remainder when 138348 is divided by 263.
10
Calculate the remainder when 2200 is divided by 555.
535
What is the remainder when 22987 is divided by 2554?
1
Calculate the remainder when 411658 is divided by 137215.
13
Calculate the remainder when 1553 is divided by 152.
33
Calculate the remainder when 14679 is divided by 3366.
1215
Calculate the remainder when 230902 is divided by 76956.
34
Calculate the remainder when 6018 is divided by 1002.
6
Calculate the remainder when 24313 is divided by 383.
184
Calculate the remainder when 93937 is divided by 64.
49
Calculate the remainder when 60045 is divided by 361.
119
Calculate the remainder when 57223 is divided by 214.
85
What is the remainder when 2861938 is divided by 15?
13
What is the remainder when 2759 is divided by 51?
5
Calculate the remainder when 4253283 is divided by 183.
180
Calculate the remainder when 645 is divided by 62.
25
What is the remainder when 222398 is divided by 111195?
8
What is the remainder when 1173 is divided by 480?
213
Calculate the remainder when 1663 is divided by 844.
819
Calculate the remainder when 16009 is divided by 891.
862
Calculate the remainder when 3421 is divided by 310.
11
What is the remainder when 6376 is divided by 74?
12
What is the remainder when 22284 is divided by 892?
876
What is the remainder when 13688 is divided by 1114?
320
Calculate the remainder when 211069 is divided by 15076.
5
Calculate the remainder when 33576 is divided by 123.
120
Calculate the remainder when 5111 is divided by 591.
383
What is the remainder when 162658 is divided by 81329?
0
Calculate the remainder when 1175 is divided by 434.
307
Calculate the remainder when 3841 is divided by 676.
461
Calculate the remainder when 11941 is divided by 1832.
949
Calculate the remainder when 327964 is divided by 67.
66
Calculate the remainder when 4457 is divided by 7.
5
Calculate the remainder when 82178 is divided by 27372.
62
What is the remainder when 354380 is divided by 428?
424
What is the remainder when 13595 is divided by 189?
176
Calculate the remainder when 87185 is divided by 43589.
7
Calculate the remainder when 177214 is divided by 1166.
1148
Calculate the remainder when 2322 is divided by 270.
162
Calculate the remainder when 227975 is divided by 145.
35
Calculate the remainder when 90574 is divided by 87.
7
What is the remainder when 82264 is divided by 262?
258
Calculate the remainder when 2363 is divided by 263.
259
What is the remainder when 534 is divided by 28?
2
What is the remainder when 21470 is divided by 4293?
5
Calculate the remainder when 1298437 is divided by 1430.
1427
Calculate the remainder when 24124 is divided by 208.
204
Calculate the remainder when 8367 is divided by 64.
47
Calculate the remainder when 94007 is divided by 34.
31
What is the remainder when 107116 is divided by 17?
16
What is the remainder when 67535 is divided by 2179?
2165
Calculate the remainder when 10277 is divided by 5115.
47
What is the remainder when 6756 is divided by 94?
82
What is the remainder when 69408 is divided by 34675?
58
What is the remainder when 